{"id":74,"date":"2020-02-27T22:22:25","date_gmt":"2020-02-27T21:22:25","guid":{"rendered":"http:\/\/fundacjainterart.pl\/?page_id=74"},"modified":"2020-02-27T22:22:25","modified_gmt":"2020-02-27T21:22:25","slug":"historia-grupy-inter-art","status":"publish","type":"page","link":"http:\/\/fundacjainterart.pl\/index.php\/historia-grupy-inter-art\/","title":{"rendered":"Historia Grupy Inter-Art"},"content":{"rendered":"\n<p>Grupa zosta\u0142a za\u0142o\u017cona w Malborku w 2006 r. przez Waldemara Klawi\u0144skiego, Jerzego &#8222;Jurgena&#8221; Rymara, Adama Mioduchowskiego, Jacka Golisa i Tadeusza Barthelke. Od pocz\u0105tku Grupa wspiera\u0142a wychodz\u0105cych z uzale\u017cnie\u0144 artyst\u00f3w. W pocz\u0105tkach jej istnienia opiekowa\u0142o si\u0119 ni\u0105 Stowarzyszenie &#8222;Tu i Teraz&#8221; z Malborka, a p\u00f3\u017aniej przez wiele lat Fundacja &#8222;Pomorski Dom Nadziei&#8221; z Gda\u0144ska.<\/p>\n\n\n\n<p><strong>Poni\u017cej mo\u017cecie zobaczy\u0107 jakich dzia\u0142a\u0144 i projekt\u00f3w podejmowa\u0142a si\u0119 Grupa Inter &#8211; Art, na podwalinach kt\u00f3rej powsta\u0142a nasza Fundacja.<\/strong><\/p>\n\n\n\n<p class=\"has-normal-font-size\"><strong>2019 r. <em>Z cyklu &#8222;Inter &#8211; Art Prezentuje&#8221;<\/em><\/strong><br>\u201eUdu-Mix\u201d wystawa zbiorowa Jerzy Rymar &#8211; rysunki, Katarzyna Aszyk &#8211; ceramika, Piotr \u0141api\u0144ski &#8211; driftwood art &#8211; Galeria Bellotto w Warszawie <br><br><strong>2018 r. <em>Z cyklu &#8222;Inter &#8211; Art Prezentuje&#8221;<\/em><\/strong><br>\u201eDown on the street. Rymar. Kuto\u0142owski\u201d rysunki\/ fotografia ,Tymon Tyma\u0144ski- muzyka ,Oliwski Ratusz Kultury w Gda\u0144sku <br>\u201eDown on the street. Rymar. Kuto\u0142owski\u201d rysunki\/ fotografia , Wojciech Wilk -muzyka Wroc\u0142aw Coffee Planet <br>\u201eDown on the street. Rymar. Kuto\u0142owski\u201d rysunki\/ fotografia Dalek Art Galery Antwerpia <br><br><strong>2008 r.<\/strong><br>\u201eInter Art &amp; Cowboys from Hell\u201d na zamku w Sztumie <br><br>\u201e\u015awiatowy Dzie\u0144 Pami\u0119ci o Zmar\u0142ych na AIDS \u201ePrzyjaciele Inter-Art\u201d w Sopocie<br><br><strong>2007 r.<\/strong><br>Inter-Art i przyjaciele &#8211; Malbork wraz z koncertem Jacka Golisa <br><br><strong>2006 r.<\/strong><br>\u201e\u015awiatowy Dzie\u0144 Pami\u0119ci o Zmar\u0142ych na AIDS\u201d &#8211; koncert grupy rockowej \u201ePomoc Duchowa\u201d, zesp\u00f3\u0142 taneczny \u201eAqua\u201d, recital poetycki Wojtka Borosa i Meganiusza Kielgrzymskiego, spektakl \u201eBia\u0142a R\u00f3\u017ca\u201d &#8211; na Zamku w Maborku <\/p>\n\n\n\n<div class=\"wp-block-columns alignfull is-layout-flex wp-container-core-columns-is-layout-1 wp-block-columns-is-layout-flex\">\n<div class=\"wp-block-column is-layout-flow wp-block-column-is-layout-flow\">\n<div class=\"wp-block-image\"><figure class=\"aligncenter size-medium\"><img loading=\"lazy\" decoding=\"async\" width=\"220\" height=\"300\" src=\"http:\/\/fundacjainterart.pl\/wp-content\/uploads\/2020\/02\/IMG_5019-220x300.jpg\" alt=\"\" class=\"wp-image-199\" srcset=\"http:\/\/fundacjainterart.pl\/wp-content\/uploads\/2020\/02\/IMG_5019-220x300.jpg 220w, http:\/\/fundacjainterart.pl\/wp-content\/uploads\/2020\/02\/IMG_5019-750x1024.jpg 750w, http:\/\/fundacjainterart.pl\/wp-content\/uploads\/2020\/02\/IMG_5019-768x1048.jpg 768w, http:\/\/fundacjainterart.pl\/wp-content\/uploads\/2020\/02\/IMG_5019-1125x1536.jpg 1125w, http:\/\/fundacjainterart.pl\/wp-content\/uploads\/2020\/02\/IMG_5019-1500x2048.jpg 1500w, http:\/\/fundacjainterart.pl\/wp-content\/uploads\/2020\/02\/IMG_5019-1200x1638.jpg 1200w, http:\/\/fundacjainterart.pl\/wp-content\/uploads\/2020\/02\/IMG_5019-scaled.jpg 1875w\" sizes=\"auto, (max-width: 220px) 100vw, 220px\" \/><\/figure><\/div>\n<\/div>\n\n\n\n<div class=\"wp-block-column is-layout-flow wp-block-column-is-layout-flow\">\n<div class=\"wp-block-image is-style-default\"><figure class=\"aligncenter size-medium\"><img loading=\"lazy\" decoding=\"async\" width=\"145\" height=\"300\" src=\"http:\/\/fundacjainterart.pl\/wp-content\/uploads\/2020\/02\/UDU_ZAPROSZENIE-145x300.jpg\" alt=\"\" class=\"wp-image-204\" srcset=\"http:\/\/fundacjainterart.pl\/wp-content\/uploads\/2020\/02\/UDU_ZAPROSZENIE-145x300.jpg 145w, http:\/\/fundacjainterart.pl\/wp-content\/uploads\/2020\/02\/UDU_ZAPROSZENIE-496x1024.jpg 496w, http:\/\/fundacjainterart.pl\/wp-content\/uploads\/2020\/02\/UDU_ZAPROSZENIE.jpg 615w\" sizes=\"auto, (max-width: 145px) 100vw, 145px\" \/><\/figure><\/div>\n<\/div>\n\n\n\n<div class=\"wp-block-column is-layout-flow wp-block-column-is-layout-flow\">\n<div class=\"wp-block-image\"><figure class=\"aligncenter size-medium\"><img loading=\"lazy\" decoding=\"async\" width=\"212\" height=\"300\" src=\"http:\/\/fundacjainterart.pl\/wp-content\/uploads\/2020\/02\/2018_Rymar_Inter_Art_folder_01d_wroclaw-1-212x300.jpg\" alt=\"\" class=\"wp-image-197\" srcset=\"http:\/\/fundacjainterart.pl\/wp-content\/uploads\/2020\/02\/2018_Rymar_Inter_Art_folder_01d_wroclaw-1-212x300.jpg 212w, http:\/\/fundacjainterart.pl\/wp-content\/uploads\/2020\/02\/2018_Rymar_Inter_Art_folder_01d_wroclaw-1-scaled.jpg 1810w\" sizes=\"auto, (max-width: 212px) 100vw, 212px\" \/><\/figure><\/div>\n<\/div>\n\n\n\n<div class=\"wp-block-column is-layout-flow wp-block-column-is-layout-flow\">\n<figure class=\"wp-block-image size-medium\"><img loading=\"lazy\" decoding=\"async\" width=\"225\" height=\"300\" src=\"http:\/\/fundacjainterart.pl\/wp-content\/uploads\/2020\/02\/39e-225x300.jpg\" alt=\"\" class=\"wp-image-217\" srcset=\"http:\/\/fundacjainterart.pl\/wp-content\/uploads\/2020\/02\/39e-225x300.jpg 225w, http:\/\/fundacjainterart.pl\/wp-content\/uploads\/2020\/02\/39e.jpg 576w\" sizes=\"auto, (max-width: 225px) 100vw, 225px\" \/><\/figure>\n<\/div>\n<\/div>\n","protected":false},"excerpt":{"rendered":"<p>Grupa zosta\u0142a za\u0142o\u017cona w Malborku w 2006 r. przez Waldemara Klawi\u0144skiego, Jerzego &#8222;Jurgena&#8221; Rymara, Adama Mioduchowskiego, Jacka Golisa i Tadeusza Barthelke. Od pocz\u0105tku Grupa wspiera\u0142a wychodz\u0105cych z uzale\u017cnie\u0144 artyst\u00f3w. W pocz\u0105tkach jej istnienia opiekowa\u0142o si\u0119 ni\u0105 Stowarzyszenie &#8222;Tu i Teraz&#8221; z Malborka, a p\u00f3\u017aniej przez wiele lat Fundacja &#8222;Pomorski Dom Nadziei&#8221; z Gda\u0144ska. Poni\u017cej mo\u017cecie [&hellip;]<\/p>\n","protected":false},"author":1,"featured_media":0,"parent":0,"menu_order":0,"comment_status":"closed","ping_status":"closed","template":"","meta":{"footnotes":""},"class_list":["post-74","page","type-page","status-publish","hentry"],"_links":{"self":[{"href":"http:\/\/fundacjainterart.pl\/index.php\/wp-json\/wp\/v2\/pages\/74","targetHints":{"allow":["GET"]}}],"collection":[{"href":"http:\/\/fundacjainterart.pl\/index.php\/wp-json\/wp\/v2\/pages"}],"about":[{"href":"http:\/\/fundacjainterart.pl\/index.php\/wp-json\/wp\/v2\/types\/page"}],"author":[{"embeddable":true,"href":"http:\/\/fundacjainterart.pl\/index.php\/wp-json\/wp\/v2\/users\/1"}],"replies":[{"embeddable":true,"href":"http:\/\/fundacjainterart.pl\/index.php\/wp-json\/wp\/v2\/comments?post=74"}],"version-history":[{"count":42,"href":"http:\/\/fundacjainterart.pl\/index.php\/wp-json\/wp\/v2\/pages\/74\/revisions"}],"predecessor-version":[{"id":238,"href":"http:\/\/fundacjainterart.pl\/index.php\/wp-json\/wp\/v2\/pages\/74\/revisions\/238"}],"wp:attachment":[{"href":"http:\/\/fundacjainterart.pl\/index.php\/wp-json\/wp\/v2\/media?parent=74"}],"curies":[{"name":"wp","href":"https:\/\/api.w.org\/{rel}","templated":true}]}}

<p>Grupa została założona w Malborku w 2006 r. przez Waldemara Klawińskiego, Jerzego &#8222;Jurgena&#8221; Rymara, Adama Mioduchowskiego, Jacka Golisa i Tadeusza Barthelke. Od początku Grupa wspierała wychodzących z uzależnień artystów. W początkach jej istnienia opiekowało się nią Stowarzyszenie &#8222;Tu i Teraz&#8221; z Malborka, a później przez wiele lat Fundacja &#8222;Pomorski Dom Nadziei&#8221; z Gdańska.</p>



<p><strong>Poniżej możecie zobaczyć jakich działań i projektów podejmowała się Grupa Inter &#8211; Art, na podwalinach której powstała nasza Fundacja.</strong></p>



<p class="has-normal-font-size"><strong>2019 r. <em>Z cyklu &#8222;Inter &#8211; Art Prezentuje&#8221;</em></strong><br>„Udu-Mix” wystawa zbiorowa Jerzy Rymar &#8211; rysunki, Katarzyna Aszyk &#8211; ceramika, Piotr Łapiński &#8211; driftwood art &#8211; Galeria Bellotto w Warszawie <br><br><strong>2018 r. <em>Z cyklu &#8222;Inter &#8211; Art Prezentuje&#8221;</em></strong><br>„Down on the street. Rymar. Kutołowski” rysunki/ fotografia ,Tymon Tymański- muzyka ,Oliwski Ratusz Kultury w Gdańsku <br>„Down on the street. Rymar. Kutołowski” rysunki/ fotografia , Wojciech Wilk -muzyka Wrocław Coffee Planet <br>„Down on the street. Rymar. Kutołowski” rysunki/ fotografia Dalek Art Galery Antwerpia <br><br><strong>2008 r.</strong><br>„Inter Art &amp; Cowboys from Hell” na zamku w Sztumie <br><br>„Światowy Dzień Pamięci o Zmarłych na AIDS „Przyjaciele Inter-Art” w Sopocie<br><br><strong>2007 r.</strong><br>Inter-Art i przyjaciele &#8211; Malbork wraz z koncertem Jacka Golisa <br><br><strong>2006 r.</strong><br>„Światowy Dzień Pamięci o Zmarłych na AIDS” &#8211; koncert grupy rockowej „Pomoc Duchowa”, zespół taneczny „Aqua”, recital poetycki Wojtka Borosa i Meganiusza Kielgrzymskiego, spektakl „Biała Róża” &#8211; na Zamku w Maborku </p>



<div class="wp-block-columns alignfull is-layout-flex wp-container-core-columns-is-layout-1 wp-block-columns-is-layout-flex">
<div class="wp-block-column is-layout-flow wp-block-column-is-layout-flow">
<div class="wp-block-image"><figure class="aligncenter size-medium"><img loading="lazy" decoding="async" width="220" height="300" src="http://fundacjainterart.pl/wp-content/uploads/2020/02/IMG_5019-220x300.jpg" alt="" class="wp-image-199" srcset="http://fundacjainterart.pl/wp-content/uploads/2020/02/IMG_5019-220x300.jpg 220w, http://fundacjainterart.pl/wp-content/uploads/2020/02/IMG_5019-750x1024.jpg 750w, http://fundacjainterart.pl/wp-content/uploads/2020/02/IMG_5019-768x1048.jpg 768w, http://fundacjainterart.pl/wp-content/uploads/2020/02/IMG_5019-1125x1536.jpg 1125w, http://fundacjainterart.pl/wp-content/uploads/2020/02/IMG_5019-1500x2048.jpg 1500w, http://fundacjainterart.pl/wp-content/uploads/2020/02/IMG_5019-1200x1638.jpg 1200w, http://fundacjainterart.pl/wp-content/uploads/2020/02/IMG_5019-scaled.jpg 1875w" sizes="auto, (max-width: 220px) 100vw, 220px" /></figure></div>
</div>



<div class="wp-block-column is-layout-flow wp-block-column-is-layout-flow">
<div class="wp-block-image is-style-default"><figure class="aligncenter size-medium"><img loading="lazy" decoding="async" width="145" height="300" src="http://fundacjainterart.pl/wp-content/uploads/2020/02/UDU_ZAPROSZENIE-145x300.jpg" alt="" class="wp-image-204" srcset="http://fundacjainterart.pl/wp-content/uploads/2020/02/UDU_ZAPROSZENIE-145x300.jpg 145w, http://fundacjainterart.pl/wp-content/uploads/2020/02/UDU_ZAPROSZENIE-496x1024.jpg 496w, http://fundacjainterart.pl/wp-content/uploads/2020/02/UDU_ZAPROSZENIE.jpg 615w" sizes="auto, (max-width: 145px) 100vw, 145px" /></figure></div>
</div>



<div class="wp-block-column is-layout-flow wp-block-column-is-layout-flow">
<div class="wp-block-image"><figure class="aligncenter size-medium"><img loading="lazy" decoding="async" width="212" height="300" src="http://fundacjainterart.pl/wp-content/uploads/2020/02/2018_Rymar_Inter_Art_folder_01d_wroclaw-1-212x300.jpg" alt="" class="wp-image-197" srcset="http://fundacjainterart.pl/wp-content/uploads/2020/02/2018_Rymar_Inter_Art_folder_01d_wroclaw-1-212x300.jpg 212w, http://fundacjainterart.pl/wp-content/uploads/2020/02/2018_Rymar_Inter_Art_folder_01d_wroclaw-1-scaled.jpg 1810w" sizes="auto, (max-width: 212px) 100vw, 212px" /></figure></div>
</div>



<div class="wp-block-column is-layout-flow wp-block-column-is-layout-flow">
<figure class="wp-block-image size-medium"><img loading="lazy" decoding="async" width="225" height="300" src="http://fundacjainterart.pl/wp-content/uploads/2020/02/39e-225x300.jpg" alt="" class="wp-image-217" srcset="http://fundacjainterart.pl/wp-content/uploads/2020/02/39e-225x300.jpg 225w, http://fundacjainterart.pl/wp-content/uploads/2020/02/39e.jpg 576w" sizes="auto, (max-width: 225px) 100vw, 225px" /></figure>
</div>
</div>

<p>Grupa została założona w Malborku w 2006 r. przez Waldemara Klawińskiego, Jerzego &#8222;Jurgena&#8221; Rymara, Adama Mioduchowskiego, Jacka Golisa i Tadeusza Barthelke. Od początku Grupa wspierała wychodzących z uzależnień artystów. W początkach jej istnienia opiekowało się nią Stowarzyszenie &#8222;Tu i Teraz&#8221; z Malborka, a później przez wiele lat Fundacja &#8222;Pomorski Dom Nadziei&#8221; z Gdańska. Poniżej możecie [&hellip;]</p>
