{"id":14,"date":"2020-02-27T22:14:47","date_gmt":"2020-02-27T21:14:47","guid":{"rendered":"http:\/\/fundacjainterart.pl\/?page_id=14"},"modified":"2024-03-14T20:38:40","modified_gmt":"2024-03-14T19:38:40","slug":"o-fundacji","status":"publish","type":"page","link":"http:\/\/fundacjainterart.pl\/index.php\/o-fundacji\/","title":{"rendered":"O Fundacji"},"content":{"rendered":"\n<p class=\"has-drop-cap\">Nasza Fundacja powsta\u0142a w 2020 roku na fundamentach <a href=\"http:\/\/fundacjainterart.pl\/?page_id=74\"><em><strong>Grupy Inter &#8211; Art<\/strong><\/em><\/a> z Malborka za\u0142o\u017conej w 2006 r., zrzeszaj\u0105cej wychodz\u0105cych z uzale\u017cnie\u0144 artyst\u00f3w.<\/p>\n\n\n\n<p class=\"has-drop-cap\">Celem Fundacji jest kontynuowanie misji Grupy Inter &#8211; Art. Wspieramy osoby uzale\u017cnione i zmagaj\u0105ce si\u0119 z wykluczeniem w powrocie do spo\u0142ecze\u0144stwa. Umo\u017cliwiamy im to poprzez organizowanie r\u00f3\u017cnych dzia\u0142a\u0144 artystycznych, dzi\u0119ki kt\u00f3rym mog\u0105 by\u0107 aktywni tw\u00f3rczo, odkrywa\u0107 siebie, a jednocze\u015bnie pomaga\u0107 innym i pokazywa\u0107, \u017ce ka\u017cdy ma szasn\u0119, \u017ceby na nowo zacz\u0105\u0107 \u017cy\u0107. Pomimo r\u00f3\u017cnych uzale\u017cnie\u0144 (alkohol, narkotyki, hazard itp.) i stan\u00f3w emocjonalnych (depresja, l\u0119ki, zaburzenia od\u017cywania itp.), mo\u017cna dzia\u0142a\u0107 dla innych, a sobie po prostu da\u0107 szans\u0119.<\/p>\n\n\n\n<p class=\"has-drop-cap\"><strong>Dlaczego akurat sztuka? <\/strong><br>Poniewa\u017c pozwala wyrazi\u0107 to co naprawd\u0119 jest w nas, pokazuje to jak widzimy \u015bwiat, ludzi, \u017cycie. Pokazuje emocje, uczy wra\u017cliwo\u015bci, czasami porusza trudne tematy. Sztuka jest cz\u0119\u015bci\u0105 nas, jedn\u0105 z form terapii, wsparciem w wychodzeniu z uzale\u017cnienia.<\/p>\n\n\n\n<figure class=\"wp-block-image size-large\"><img loading=\"lazy\" decoding=\"async\" width=\"960\" height=\"592\" src=\"http:\/\/fundacjainterart.pl\/wp-content\/uploads\/2020\/02\/52895340_605940023225096_6854176477613654016_n.jpg\" alt=\"\" class=\"wp-image-245\" srcset=\"http:\/\/fundacjainterart.pl\/wp-content\/uploads\/2020\/02\/52895340_605940023225096_6854176477613654016_n.jpg 960w, http:\/\/fundacjainterart.pl\/wp-content\/uploads\/2020\/02\/52895340_605940023225096_6854176477613654016_n-300x185.jpg 300w, http:\/\/fundacjainterart.pl\/wp-content\/uploads\/2020\/02\/52895340_605940023225096_6854176477613654016_n-768x474.jpg 768w\" sizes=\"auto, (max-width: 960px) 100vw, 960px\" \/><\/figure>\n","protected":false},"excerpt":{"rendered":"<p>Nasza Fundacja powsta\u0142a w 2020 roku na fundamentach Grupy Inter &#8211; Art z Malborka za\u0142o\u017conej w 2006 r., zrzeszaj\u0105cej wychodz\u0105cych z uzale\u017cnie\u0144 artyst\u00f3w. Celem Fundacji jest kontynuowanie misji Grupy Inter &#8211; Art. Wspieramy osoby uzale\u017cnione i zmagaj\u0105ce si\u0119 z wykluczeniem w powrocie do spo\u0142ecze\u0144stwa. Umo\u017cliwiamy im to poprzez organizowanie r\u00f3\u017cnych dzia\u0142a\u0144 artystycznych, dzi\u0119ki kt\u00f3rym mog\u0105 [&hellip;]<\/p>\n","protected":false},"author":1,"featured_media":0,"parent":0,"menu_order":0,"comment_status":"closed","ping_status":"closed","template":"","meta":{"footnotes":""},"class_list":["post-14","page","type-page","status-publish","hentry"],"_links":{"self":[{"href":"http:\/\/fundacjainterart.pl\/index.php\/wp-json\/wp\/v2\/pages\/14","targetHints":{"allow":["GET"]}}],"collection":[{"href":"http:\/\/fundacjainterart.pl\/index.php\/wp-json\/wp\/v2\/pages"}],"about":[{"href":"http:\/\/fundacjainterart.pl\/index.php\/wp-json\/wp\/v2\/types\/page"}],"author":[{"embeddable":true,"href":"http:\/\/fundacjainterart.pl\/index.php\/wp-json\/wp\/v2\/users\/1"}],"replies":[{"embeddable":true,"href":"http:\/\/fundacjainterart.pl\/index.php\/wp-json\/wp\/v2\/comments?post=14"}],"version-history":[{"count":19,"href":"http:\/\/fundacjainterart.pl\/index.php\/wp-json\/wp\/v2\/pages\/14\/revisions"}],"predecessor-version":[{"id":364,"href":"http:\/\/fundacjainterart.pl\/index.php\/wp-json\/wp\/v2\/pages\/14\/revisions\/364"}],"wp:attachment":[{"href":"http:\/\/fundacjainterart.pl\/index.php\/wp-json\/wp\/v2\/media?parent=14"}],"curies":[{"name":"wp","href":"https:\/\/api.w.org\/{rel}","templated":true}]}}

<p class="has-drop-cap">Nasza Fundacja powstała w 2020 roku na fundamentach <a href="http://fundacjainterart.pl/?page_id=74"><em><strong>Grupy Inter &#8211; Art</strong></em></a> z Malborka założonej w 2006 r., zrzeszającej wychodzących z uzależnień artystów.</p>



<p class="has-drop-cap">Celem Fundacji jest kontynuowanie misji Grupy Inter &#8211; Art. Wspieramy osoby uzależnione i zmagające się z wykluczeniem w powrocie do społeczeństwa. Umożliwiamy im to poprzez organizowanie różnych działań artystycznych, dzięki którym mogą być aktywni twórczo, odkrywać siebie, a jednocześnie pomagać innym i pokazywać, że każdy ma szasnę, żeby na nowo zacząć żyć. Pomimo różnych uzależnień (alkohol, narkotyki, hazard itp.) i stanów emocjonalnych (depresja, lęki, zaburzenia odżywania itp.), można działać dla innych, a sobie po prostu dać szansę.</p>



<p class="has-drop-cap"><strong>Dlaczego akurat sztuka? </strong><br>Ponieważ pozwala wyrazić to co naprawdę jest w nas, pokazuje to jak widzimy świat, ludzi, życie. Pokazuje emocje, uczy wrażliwości, czasami porusza trudne tematy. Sztuka jest częścią nas, jedną z form terapii, wsparciem w wychodzeniu z uzależnienia.</p>



<figure class="wp-block-image size-large"><img loading="lazy" decoding="async" width="960" height="592" src="http://fundacjainterart.pl/wp-content/uploads/2020/02/52895340_605940023225096_6854176477613654016_n.jpg" alt="" class="wp-image-245" srcset="http://fundacjainterart.pl/wp-content/uploads/2020/02/52895340_605940023225096_6854176477613654016_n.jpg 960w, http://fundacjainterart.pl/wp-content/uploads/2020/02/52895340_605940023225096_6854176477613654016_n-300x185.jpg 300w, http://fundacjainterart.pl/wp-content/uploads/2020/02/52895340_605940023225096_6854176477613654016_n-768x474.jpg 768w" sizes="auto, (max-width: 960px) 100vw, 960px" /></figure>

<p>Nasza Fundacja powstała w 2020 roku na fundamentach Grupy Inter &#8211; Art z Malborka założonej w 2006 r., zrzeszającej wychodzących z uzależnień artystów. Celem Fundacji jest kontynuowanie misji Grupy Inter &#8211; Art. Wspieramy osoby uzależnione i zmagające się z wykluczeniem w powrocie do społeczeństwa. Umożliwiamy im to poprzez organizowanie różnych działań artystycznych, dzięki którym mogą [&hellip;]</p>
